3 + 2*p**2 + 73*p - 289. Let d be y(4). Suppose k - 33 = -5*n - 3*k, -30 = -5*n - 5*k. What is the greatest common factor of n and d?
9
Suppose 2*d = 89 - 1. Suppose -d = -3*j + 16. What is the highest common factor of 10 and j?
10
Let j = -20 + 15. Let z be (j/(-6))/(39/18 + -2). Let i be (-183)/(-9) + 1/(-3). Calculate the highest common factor of i and z.
5
Let u = 115 + 4. Let s(h) = 1 - 26*h + 54*h - 36*h + 3*h**2. Let b be s(4). Calculate the greatest common divisor of u and b.
17
Suppose 0 = -2*v + 82 - 12. Suppose -b = -0*b - 14. Calculate the greatest common divisor of b and v.
7
Let l be 3/9 - 645/(-9). Let k(t) = t - 2. Suppose 3*r - 37 + 7 = 0. Let v be k(r). What is the greatest common divisor of v and l?
8
Let v(c) = c**2 - 4*c - 186. Let m be v(16). What is the greatest common factor of 606 and m?
6
Suppose 4*b - x = 98, -b - 3*x = 10 - 41. Suppose 4*j = -2*w + 74, -3*j + 44 + b = -3*w. What is the greatest common factor of 180 and j?
20
Let k be (-14)/(-1) + (-7 - 66/(-11)). Calculate the highest common divisor of k and 26.
13
Let l = 21 - 17. Suppose 21 = w - l*w. Let d = w - -10. What is the greatest common divisor of d and 33?
3
Let r = 26 + 10. Let j = -13 - -15. Suppose -2*x - j*x = -36. What is the highest common factor of x and r?
9
Let y = -202 + 244. What is the greatest common divisor of 3 and y?
3
Let l(u) = 2*u - 17. Let d be l(9). Let j be 1/((2/(-6))/d). Let p be 3*(-2 + (-24)/j). What is the highest common factor of 45 and p?
9
Let x = -22 - -30. Suppose x*m - 120 = 4*m. Calculate the highest common factor of 120 and m.
30
Suppose 4*o + t = 47 + 116, 3*o = -3*t + 111. Let m = 49 - o. Calculate the highest common factor of 21 and m.
7
Suppose -2*t + 47 = -5*g, -5*g - 44 = -3*t - 1. Let r be (g - 3/(-1))*220/(-16). What is the greatest common factor of r and 10?
10
Let u be 1 + 15/25 + 1708/20. What is the greatest common divisor of u and 696?
87
Let m be 152/(-6)*(-4 + 1). Let w = 97 - m. What is the greatest common divisor of 6 and w?
3
Suppose -12*o + 727 = -617. What is the greatest common factor of 8 and o?
8
Let t be -3 - (0 - 1 - 0). Let j be 33*(t*1)/(-6). Let n(p) = -2*p + 73. Let c be n(9). Calculate the greatest common factor of c and j.
11
Let q be (-3835)/(-30) - (-1)/6. Calculate the highest common divisor of 1 and q.
1
Suppose 5 = -0*h - h. Let y be (1 + h)*1 + 15. What is the greatest common divisor of 1 and y?
1
Let a(t) = -t**2 + 14*t - 8. Suppose 3*i + 129 = 6*i. Suppose r - 3*p - 5 = 17, 4*r = -3*p + i. Let y be a(r). What is the highest common factor of y and 25?
5
Let h(k) be the second derivative of k**4/12 - 3*k**3/2 - 17*k**2/2 - 20*k. Let o be h(-7). Calculate the greatest common divisor of o and 19.
19
Let x(u) = 7*u**2 + 9*u - 18. Let v be x(-12). Calculate the greatest common divisor of 18 and v.
18
Let c be -3*(80/12 + 2). Let s = 49 - c. Suppose -p - 3*a = 0, 6*p = 2*p + 3*a + s. What is the greatest common factor of 135 and p?
15
Suppose 3*t + 280 = 34. Let n = 120 + t. Suppose 0 = -5*k + n + 47. What is the highest common factor of 17 and k?
17
Let d = 92 + -86. Calculate the greatest common factor of d and 18.
6
Suppose 3*w - 263 = b, -w + 5*b + 0 = -111. Let c = w + 19. Let d(s) = 36*s**2 + 2*s + 1. Let o be d(-1). What is the greatest common factor of o and c?
35
Let m = -690 + 723. Calculate the highest common factor of m and 209.
11
Let p(h) = -95*h**2 - h - 2. Let b be p(-2). Let j be (-24)/(-15)*b/(-8). Let a = j - 52. Calculate the highest common divisor of a and 24.
24
Suppose y = -2*y + 9. Let f be y - -2 - (3 + -6). Suppose -f + 68 = g + 4*x, -70 = -g - 2*x. Calculate the highest common factor of 16 and g.
16
Suppose -2*d + 72 = -811*u + 815*u, 0 = 4*u - 4*d - 84. Let z(r) = -5*r - 6. Let o be z(-5). Calculate the highest common divisor of u and o.
19
Let s(b) = 2*b**3 - 5*b**2 - 7*b - 3. Let v = -30 + 34. Let m be s(v). What is the greatest common divisor of 187 and m?
17
Suppose -46*b - 396 = -55*b. Calculate the greatest common factor of 44 and b.
44
Let d be 82 + 1/((-1)/4). Let u = 332 - 306. What is the highest common divisor of u and d?
26
Suppose 199*i - 187*i = 768. Calculate the highest common factor of 544 and i.
32
Let i = 2 + 3. Suppose -v = y - 20, 3*y - 3*v - 13 = 17. Calculate the greatest common divisor of y and i.
5
Let z(c) = c + 13. Let w be z(-11). Suppose -w*t - 20 = -7*t. Suppose k - 3 = -1. Calculate the greatest common divisor of t and k.
2
Suppose 3*n - 72 - 108 = 0. Suppose -70*t = -68*t + 86. Let b = -19 - t. What is the greatest common divisor of b and n?
12
Suppose -342 = -2*z - 4*a, -3*a - 89 = 2*z - 433. What is the greatest common factor of 56 and z?
7
Suppose -1635 - 1049 = -4*p. Calculate the greatest common factor of p and 22.
11
Let v be 7/((-126)/12)*6/(-4). Let i be (-5)/(v + 4) + 6/2. Let l be ((-4)/5)/((-4)/70). What is the greatest common factor of i and l?
2
Let b = 71 + -48. Let f be 3 + -6 + (-210)/(-1). Calculate the greatest common divisor of f and b.
23
Suppose 1 = -4*a + 21. Suppose a*h + h = 252. What is the highest common factor of h and 105?
21
Let x(v) = v**3 + 5*v**2 - 7. Let p(s) = 2 + s - 11*s + 2*s - s**2 + 4*s. Let i be p(-5). Let g be x(i). What is the highest common divisor of g and 22?
11
Let f be 3 + ((-6)/15 - (-1482)/30). What is the highest common divisor of f and 65?
13
Suppose -33*c + 1225 = -28*c. Suppose -7*f = -2*f - c. Calculate the greatest common factor of 7 and f.
7
Let r(b) = -2*b**3 - 6*b**2 - 2*b - 2. Let s be r(-4). Let g(v) = -v**3 + 19*v**2 - 11*v - 31. Let h be g(18). What is the greatest common factor of s and h?
19
Let s be 1112/56 + 6/42. What is the greatest common factor of s and 1680?
20
Suppose 2*i - 2*o - 5 = 3*i, 4*i = 4*o + 28. Suppose 185 = i*g - q - 234, -q = -1. Calculate the greatest common divisor of 20 and g.
20
Suppose 3*c = 4*y + 3495, 5*c - 5796 = -0*y - 3*y. Let a be (((-10)/3)/5)/((-6)/c). What is the highest common divisor of 86 and a?
43
Let r(v) = v**2 + 13*v - 17. Let m be r(-15). Let y = -14 + m. Let x = 16 + y. What is the greatest common factor of 105 and x?
15
Suppose -16 = q - 67. What is the greatest common divisor of 204 and q?
51
Let m = 28 + -16. Let f be 54/21*280/m. What is the highest common divisor of 6 and f?
6
Let r be ((-12)/36)/(1/(-36)). Calculate the highest common divisor of r and 28.
4
Let p = 0 - 0. Suppose 3*b + 5*t - 640 = p, 2*b + 3*t = 4*b - 452. Suppose 4*k - 9*k = -b. Calculate the greatest common factor of k and 22.
22
Let f be 614/2 - (2 - 1). What is the highest common factor of f and 54?
18
Let f be 3883/44 - (-2)/(-8). Suppose 3*s - 4*s = -8. Calculate the highest common factor of s and f.
8
Let v = 460 - 233. Suppose -3*l + 3*z = -z - 272, -3*l = 5*z - v. Suppose t + 3*j - 66 = -4*t, 5*j - 10 = 0. What is the greatest common factor of t and l?
12
Suppose -3*i = -2*b + 38, 2*b - 3*b - i + 9 = 0. Let n be 1*2 + b + -13. Suppose n*s - 180 = -3*s. Calculate the greatest common factor of s and 12.
12
Let p(l) = 3*l**2 - 2. Let j be p(3). Let v = j + -21. Calculate the highest common factor of 64 and v.
4
Let p(q) = -9*q - 6. Let k be p(-3). Let z = k - -14. Let b be -1 + -1 - (10 - 19). What is the highest common factor of b and z?
7
Suppose 184 = -66*y + 68*y. What is the greatest common factor of y and 69?
23
Let d = 223 + -113. Suppose -13*f + 163 + d = 0. Suppose a = -0*a + 147. What is the greatest common divisor of a and f?
21
Let z = 61 + 86. Let j(t) = -3*t**2 - 3*t + 4. Let h be j(-3). Let i = h - -35. What is the greatest common factor of i and z?
21
Let x be (2/5)/(2/(-40)). Let o = 53 + x. Suppose -4*l - l = -o. Calculate the highest common divisor of 63 and l.
9
Suppose 76 + 68 = 6*r. Let u = r - -2. What is the greatest common factor of u and 39?
13
Let a be (-156)/(-1) - (2 - 1)*-4. Suppose 4*k = 5*w - 31, -5*w + 13 + 2 = 0. Let y be k + (3 - 2) - -35. What is the greatest common factor of y and a?
32
Let s be 5 + (-2)/(-6)*135/9. Let f = -52 + 77. Calculate the highest common factor of f and s.
5
Suppose 0 = -2*y + 5*y - 3*w - 24, 3*w + 9 = 0. Suppose 2*s - 103 = -y*c + 17, 0 = -5*c - 3*s + 120. Calculate the greatest common factor of 72 and c.
24
Let r = -27 - -447. What is the greatest common divisor of r and 252?
84